0*w = -819. List the prime factors of w.
3, 7
Suppose 10*z = 6*z - 3*y + 41183, -y + 20587 = 2*z. What are the prime factors of z?
10289
Let y = -38106 + 106402. List the prime factors of y.
2, 8537
Let f(i) = -8*i**2 + 14*i + 26. Let t(d) = -d**2 + d. Let g(s) = -f(s) + 2*t(s). List the prime factors of g(-8).
2, 227
Suppose -l - n = -0*n - 2, -3*l + 14 = n. Let d(g) be the second derivative of 7*g**3/6 - g**2 + 21*g. List the prime factors of d(l).
2, 5
Suppose -3*i = -i + 20. List the prime factors of (-10993 - i)/(-7) - (0 - 1).
2, 5, 157
Let c = -34 + 6. Suppose -5*g = -5*v, -5*g - 2*v = -6*v + 1. What are the prime factors of (-3)/g - c/2?
17
Suppose p + 20042 = -l + 2*l, -20054 = -l - 3*p. What are the prime factors of l?
5, 19, 211
Let p(h) = -5170*h - 503. List the prime factors of p(-2).
3, 1093
List the prime factors of 1/(13412355/1117695 - 12).
269, 277
Let t(w) = -42 + 10*w**2 + 7*w - 21*w**2 + 42*w**2. List the prime factors of t(5).
2, 3
Suppose 0 = 23*b - 20*b - 10728. Suppose 2*g - b = 2*p, -2*p = -2*g + 4*g - 3568. What are the prime factors of g?
2, 19, 47
Let r(i) = i**2 + 12*i + 23. Let x be r(-10). Suppose -x*a = -5*o + 1501, -5*o + 4*a - 717 = -2220. List the prime factors of o.
13, 23
Let p = -18819 - -26119. What are the prime factors of p?
2, 5, 73
Let y(s) = -s**3 + 7*s**2 + 32*s - 18. Let x be y(10). Suppose -r - 5*t = -68, -x*r + 5*t + 127 = -9. What are the prime factors of r?
2, 17
Let b be (10/3)/(4/936) + -3. Suppose 4*j - y - b + 6 = 0, 2*y = -4*j + 762. List the prime factors of j.
2, 3
Let m(b) = 63*b - 25. Let r be 5 + 6 + -2 + -4. List the prime factors of m(r).
2, 5, 29
Suppose -34*l + 61021 = 40*l - 1657. List the prime factors of l.
7, 11
Let b(t) = -91*t + 210*t - 93*t - 28. What are the prime factors of b(9)?
2, 103
What are the prime factors of (174744/324)/(2 - (-82)/(-42))?
2, 7, 809
Suppose 187 - 223 = -6*f. Suppose -5*l + f*l - 64 = 0. What are the prime factors of l?
2
Let l(d) = 2*d**2 - 32*d + 46. Suppose n - 2*x = 14, 4*n + 5*x = 3*n + 42. What are the prime factors of l(n)?
2, 5, 31
Let y = 85075 - 50836. List the prime factors of y.
3, 101, 113
Suppose -14 + 56 = 14*d. Suppose 21*c - 20*c = -2*m + 1947, 2*m - 1941 = -d*c. What are the prime factors of m?
3, 5, 13
List the prime factors of (-59814)/(-2) + (-1 - -1)/(2/2).
3, 3323
Suppose 45 = 5*l + 25. Suppose -3*c - 248 = -l*c. List the prime factors of c.
2, 31
Let z be 4 - (0 - (0 - -1)). Let m(w) = -2*w**2 + 4*w**3 - 6*w - 4*w**3 + 13 + 2 + w**3. List the prime factors of m(z).
2, 3, 5
Suppose -3*h - 3 = -6*v + 8*v, 0 = 4*v - 5*h - 27. Suppose -4*a - 3*z + 74 = -v*a, 370 = 5*a - 4*z. Suppose -d + a = -20. List the prime factors of d.
2, 47
Let l = 27 - 17. Suppose -z + l = 128. What are the prime factors of (5/10)/((-1)/z)?
59
Let g be 3 - (-13 + 2) - 2. Suppose 0 = 5*q - 2*q - g. Suppose l - 440 = -q*l. List the prime factors of l.
2, 11
Let o be 2 - (2/5)/((-2)/(-10)). Suppose 3*s + 3*r + 192 = o, -3*s - 71 = -5*r + 145. Let n = s + 140. What are the prime factors of n?
73
Let x be (-14)/35*1 + (-278)/5. What are the prime factors of 212 + x/(-7) + -6?
2, 107
Suppose 78*x + 28*x = -90*x + 3601304. List the prime factors of x.
2, 9187
Let n be ((-23)/(-345))/((-5)/(-225)). Let a(h) = 36*h + 2 - 3 + 2. What are the prime factors of a(n)?
109
Let i be -1 - -9 - 2 - (-1 - -7). Suppose 2*g - 36*w + 34*w - 1080 = 0, i = -2*w + 6. What are the prime factors of g?
3, 181
Suppose -39*u + 374605 + 82419 = -2513. What are the prime factors of u?
11783
Let j = -66 + 50. List the prime factors of 8/((1/2)/((-44)/j)).
2, 11
Suppose -5*q + 82296 = u, 4*u = 4*q - 18264 - 47568. What are the prime factors of q?
109, 151
Let h(s) = 10 + 6*s**3 + 2 + 3 + 2 + 7*s**2 - 9*s. What are the prime factors of h(4)?
3, 53
Let h(n) = -n**3 + 24*n**2 + 141*n - 91. List the prime factors of h(28).
7, 103
Let w(l) = 5*l**3 - 2*l**2 - 23*l + 15. Let t be w(5). Suppose 0 = -5*u + 25, -f - 2*u = -t - 451. List the prime factors of f.
2, 229
Suppose k = -2*o - 387, o + 189 = 2*k - 4*k. Let f = -102 - o. Let z = f - 53. What are the prime factors of z?
2, 5
Suppose 2575170 = 101*l - 30*l. List the prime factors of l.
2, 3, 5, 13, 31
Let x = 29 + -40. Let y be x/(-3) - (-18)/(-27). Suppose -y*l = -13*l + 60. List the prime factors of l.
2, 3
Suppose -1249*j + 1202*j = -1263783. What are the prime factors of j?
3, 8963
Suppose 0 = -31*c + 129590 + 173900. What are the prime factors of c?
2, 5, 11, 89
List the prime factors of (1800/(-306) - 2/17) + 4535.
7, 647
Let s(r) = -3*r**2 + 16*r + 90. Let b be s(-7). Let q = b + 344. List the prime factors of q.
5, 7
Suppose -3*w + 5*m + 48 + 10 = 0, 0 = 2*w - 4*m - 36. Let t(j) = -16*j - 104. Let u(k) = -5*k - 35. Let l(c) = 2*t(c) - 7*u(c). List the prime factors of l(w).
5, 23
Let h(v) be the second derivative of v**4/12 - 3*v**3/2 - 45*v**2 - 166*v. List the prime factors of h(-13).
2, 7
Suppose 0 = -28*w - 14 + 14. What are the prime factors of (1307 - -1) + w + -2?
2, 653
Suppose 4*h + 55 = v, -7*v + 2*v = 4*h + 61. Let j(o) = 26*o + o**3 - 81 - 82 + 166 - 7*o**2 - 5*o**2 + 28*o**2. List the prime factors of j(h).
31
Let z(q) be the second derivative of 29*q**4/12 + q**3/6 + q**2/2 - 44*q. Let f be z(-2). List the prime factors of 138/f*(-285)/(-2).
3, 19
Let a(z) = 123*z + 65. Let m be a(-5). Let h = -321 - m. What are the prime factors of h?
229
Suppose 2016*t - 2021*t - 30 = 0. Let x(m) = 34*m**2 + 28*m - 28. What are the prime factors of x(t)?
2, 257
Suppose -2*d + 6 = -5*d, -5*d - 25 = -3*j. Let f = -23 - -178. Suppose m + 2*v - 62 = -m, 0 = j*m - v - f. List the prime factors of m.
31
What are the prime factors of (8883 + -7)*(-352)/(-77)?
2, 317
Let u(i) = -12082*i**3 - 19*i**2 - 18*i + 1. List the prime factors of u(-1).
2, 7, 863
Let u(z) = 1102*z + 3374. What are the prime factors of u(17)?
2, 5527
Let o = 48 + -46. Let r = -4 - o. What are the prime factors of ((-213)/6 + r)/(1/(-2))?
83
Let g = 1093 + -549. Suppose 2765 = -2*l + 7*l + z, 2*z = -l + g. List the prime factors of l.
2, 277
Let b(w) = 13 - 13 + 18 - 8*w**3 + 10*w. Let u(m) = 17*m**3 - 21*m - 37. Let z(p) = -13*b(p) - 6*u(p). List the prime factors of z(5).
2, 109
Suppose 51*c = 85*c - 213418. List the prime factors of c.
6277
Let d(u) = 53*u**3 - 2*u + 3. Let t be d(3). What are the prime factors of ((-4)/6)/(-2)*t?
2, 7, 17
Let x(i) = -i**3 + 5*i**2 - 2*i - 7. Let b be x(3). Suppose 3*n - b*f = 6*n - 95, -3*f + 145 = 4*n. Let z = 81 - n. List the prime factors of z.
41
Let l = 42 - 38. Suppose -3*d - l*q - 12 = -4*d, 2*d + q + 3 = 0. Suppose -4*m - 2*m + 258 = d. List the prime factors of m.
43
Suppose 4*b = -5*w + 66326, -34 = -w - 28. List the prime factors of b.
2, 8287
Suppose -9*i = 269919 - 416847 - 507912. What are the prime factors of i?
2, 5, 17, 107
Suppose 0 = 43*h - 45*h + 4. Let s be (154/(-4) - h)*(0 - -2). Let q = s - -200. What are the prime factors of q?
7, 17
Let w(u) = u**3 + 4*u**2 - 3*u - 5. Let i be (0 + -1)/((-100)/(-12) + -8). What are the prime factors of w(i)?
13
Let c(u) = 581*u - 8866. List the prime factors of c(24).
2, 2539
Suppose 151*r = 80439 + 36007 + 88914. What are the prime factors of r?
2, 5, 17
Let h = 161 + -158. Suppose -3*m + f = -4001, 4*m + h*f - 2936 - 2416 = 0. What are the prime factors of m?
3, 5, 89
Suppose 2*b - 143987 = 5*r, -5*b - r + 91332 = -268541. What are the prime factors of b?
2, 3, 2999
Let u be (-2)/(-1)*(79 + 0). Let v = -76 - 13. Let y = v + u. List the prime factors of y.
3, 23
What are the prime factors of 17327/4 + (-310)/(-1240)?
2, 3, 19
Suppose -12 = -3*g + 3*z, 3 = 5*g - z - 13. Let v be g/(-9) + (172/12 - 3). Suppose -v*u - 238 = -18*u. What are the prime factors of u?
2, 17
Suppose 2*g + 3*c + 60 = 3*g, 3*c = -5*g + 210. Suppose 25*x = 22*x - g. Let h(q) = -q**3 - 15*q**2 - q - 8. What are the prime factors of h(x)?
7
Let o(c) be the first derivative of 5*c**4/4 + c**3/2 + 9*c**2/2 + 10*c - 25. Let d(a) be the first derivative of o(a). What are the prime factors of d(-3)?
3, 5
Let z be 15/(-10)*8/(-2). List the prime factors of (0 - z)/(18/(-2856)) - -2.
2, 3, 53
Let l = -600 - -141. Let w = l + 831. List the prime factors of w.
2, 3, 31
Suppose b + 0 = 5*t - 7, 5*t + 3*b + 